+ 7*o + 1411 = h*d, 0 = -2*d - 3*o + 952. Suppose -8*q = 3*q - d. Calculate the remainder when q is divided by 15.
13
Suppose -82*u = 175*u - 25107 - 4448. What is the remainder when 301 is divided by u?
71
Suppose 4*j = -o - 16, 0*j + 4*j = 4*o - 16. What is the remainder when 52 is divided by 2/(-20)*j - (-176)/10?
16
Suppose 84*y - 25*y + 269 = 9650. Calculate the remainder when 1430 is divided by y.
158
Let z(u) = -u + 5. Let t be z(1). Suppose 53 = -t*i + 313. Let a(o) = o**2 + 4*o - 3. Calculate the remainder when i is divided by a(-7).
11
Let t(v) = 62*v**2 - 3*v + 2. Let b be t(1). Let u = b - 59. Suppose i = -u + 15. Calculate the remainder when 49 is divided by i.
10
Calculate the remainder when 1315 is divided by 4/(16 + -36)*-3260.
11
Let t = 25 + -7. Let m be (4/(-9))/(12/t)*-6. Suppose m*j + c - 7 = -j, c = 2*j - 7. Calculate the remainder when j is divided by 2.
0
Let b(c) = -251*c - 5955. Calculate the remainder when 1035 is divided by b(-24).
0
Let g = 34 - -91. Let i(b) = 60*b - 1615. What is the remainder when g is divided by i(28)?
60
Let s = -163 - -183. Let c = 689 - 559. What is the remainder when c is divided by s?
10
Suppose -3*r + 53 + 274 = 0. Suppose 1 = 2*l - r. Suppose 0 = 134*o + 87*o - 6409. What is the remainder when l is divided by o?
26
Suppose 3*w = 3*b + 279, 0 = 4*w + 12*b - 9*b - 351. Calculate the remainder when w is divided by 45.
0
Suppose -i + 19 = 2*f, -19*i = -2*f - 22*i + 9. Calculate the remainder when 702 is divided by f.
6
Let j = -6684 + 10320. Calculate the remainder when j is divided by 107.
105
Suppose 3*m - 28 - 8 = 0. Let g be ((-6)/9)/((-16)/m)*76. Let q = 44 - g. What is the remainder when 14 is divided by q?
2
Suppose k + 1 - 23 = -3*i, 4*i = 2*k + 36. Calculate the remainder when (1 - -3) + 10 - 1 is divided by i.
5
Suppose 7*a = 42074 + 4931. Suppose -a + 2619 = -8*g. What is the remainder when g is divided by 19?
18
Suppose -43*r - 44*r = -609. What is the remainder when 340 is divided by r?
4
Let f(s) = s**3 - 9*s**2 + 10*s - 21. Let l be f(6). Calculate the remainder when 106 is divided by 5/(-15)*l*1.
14
Suppose 0 = -3*f - 0*f + 3*n + 36, 2*f + 4*n - 42 = 0. Suppose o = 259 + f. Let w = o + -132. What is the remainder when w is divided by 16?
14
Suppose 0 = 33*b - 10*b - 1081. Suppose 4*w - b = -27. Let s = 19 - 6. What is the remainder when s is divided by w?
3
Suppose 542*c - 453*c = 4539. Let j(a) = 5*a**2 - 9*a - 1. Let p be j(8). Let q = -98 + p. What is the remainder when q is divided by c?
47
Let s be 0/((-3 - 9)/6). Suppose 3*r + r - 592 = s. Suppose 2*w + c = 71, -4*w - 12 = -4*c - r. What is the remainder when 174 is divided by w?
34
Suppose -4*q - 620 = -4*x - 0*x, 0 = 5*x + q - 745. Suppose 4*s - 166 = x. Let j = s - 68. What is the remainder when 43 is divided by j?
10
Calculate the remainder when 2/(15 + (-283935)/18930) is divided by 13.
2
Suppose 20*j - 2993 - 2487 = 0. What is the remainder when j is divided by 82?
28
Suppose 85*y + 139*y - 80*y - 171648 = 0. Calculate the remainder when y is divided by 132.
4
Suppose 29*p = 685 + 214. Calculate the remainder when 289 is divided by p.
10
Let f(s) = -2*s**3 + s**2 + 20. Let r(v) = -3*v**3 - v**2 + v + 19. Let h(u) = -4*f(u) + 3*r(u). Calculate the remainder when 84 is divided by h(-8).
16
Let k(y) = 2*y**3 + 7*y**2 + 23*y - 7. Let q(t) = -3*t**3 - 7*t**2 - 22*t + 8. Let v(w) = -4*k(w) - 3*q(w). Calculate the remainder when v(10) is divided by 16.
12
Suppose 4*n + 12 = 2*y, -77*n + 18 = 5*y - 81*n. What is the remainder when 1882 is divided by y?
0
Let u(a) = -1558*a - 4412. Calculate the remainder when u(-4) is divided by 32.
28
What is the remainder when (-520)/16*(95744/(-85))/8 is divided by 45?
31
Let z be 2/10*-2 - (-27)/5. Suppose -z*y = -0*y - 10. Suppose 75 = y*q + 15. Calculate the remainder when 118 is divided by q.
28
Let z be 49 - -2 - (2 + 1). Suppose -3*p + 8*p + 62 = 4*f, 4*f + 2*p - z = 0. Suppose 0 = -142*i + 9236 + 1698. What is the remainder when i is divided by f?
12
Let i be 0/((2 - 0) + -4) + 20. Suppose -7*n - i = -97. What is the remainder when 47 is divided by n?
3
Suppose 4*c + 3*q = 234, 0*q = c - q - 55. Suppose 9*u - 7 + 52 = 0. Calculate the remainder when c is divided by (-6 - 18)*(-4)/(3 - u).
9
Let q = -1661 - -2639. Calculate the remainder when q is divided by (-270)/(-15) + 2 + 0.
18
What is the remainder when (-14)/2 + 516/(-9 + 15) is divided by 47?
32
Let s(w) = -2*w**3 - 43*w**2 + 98*w + 76. Calculate the remainder when s(-24) is divided by 196.
16
Let t = -133 + 201. Suppose -4*x = v - 4, 4*x + 9*v - 7*v = 0. Let m = 28 - x. Calculate the remainder when t is divided by m.
16
Let h(l) = -3*l**3 - 3*l**2 - 31*l - 57. Suppose 4*j = -0*j + 124. Calculate the remainder when j is divided by h(-2).
14
Suppose -2*r = -3*g - 4123 + 4152, 0 = 2*g - 2*r - 14. Let x = -101 - -144. Let j = -16 + x. What is the remainder when j is divided by g?
12
Let x be (-136)/(-14) + (-2)/(-7). Suppose -3*p + 23 = -x. What is the remainder when 19*2 + (-13 - -2) + 16 is divided by p?
10
Let x(s) = 165*s + 3821. Calculate the remainder when 412 is divided by x(-23).
22
Let h = -4594 - -6294. Calculate the remainder when h is divided by 63.
62
Let p(a) = a**3 - 10*a**2 + 9*a - 5. Let r be p(9). Let n be -2*2*r/(-20). What is the remainder when (31 - -3)*9*n/(-6) is divided by 28?
23
Suppose 1969*x + 2769 = 1982*x. What is the remainder when x is divided by 41?
8
Calculate the remainder when 437 is divided by (-7 - (-4081)/66) + 3*1/18.
52
Suppose -13*t + 16 = -11*t - 4*n, 2*t + 4*n + 24 = 0. What is the remainder when 165/(-60)*16/t is divided by (-3 + 5)/(2/8)?
6
Suppose 0 = -2*c + 1341 - 1323. What is the remainder when 435 is divided by c?
3
Suppose 0*q + 6*q = -4*j + 70, 85 = 4*j + 3*q. Let p = 99 - -25. Calculate the remainder when p - 1*(5 + -3) is divided by j.
22
Calculate the remainder when ((-5)/40*-2)/(9/86004) is divided by 171.
166
Let f(x) = 24*x - 345. Let q be f(-44). Let d = -856 - q. What is the remainder when d is divided by 91?
90
Let p be ((3 + -4)*1 - 1)*2. Let d(a) = -2*a - 1. Let i(t) = t + 2. Let s(h) = p*i(h) - 3*d(h). Calculate the remainder when 24 is divided by s(7).
6
Let n = -18 + 22. Let s = -138 - -140. Let u(o) = 12*o - 11. Calculate the remainder when u(s) is divided by n.
1
Let a = 41 + -28. Let k(b) = -b**3 + 10*b**2 + 4*b - 67. Calculate the remainder when k(9) is divided by a.
11
Let s(d) = 2*d**3 - 82*d**2 - 83*d + 26. Calculate the remainder when 1032 is divided by s(42).
12
Suppose -3*l - 444 = -3*o, -3*o + 6*o = 5*l + 452. Suppose -5*m + o = -m. Let y = -5037 + 5180. Calculate the remainder when y is divided by m.
35
Suppose -22*j + 27*j + 135 = 2*d, -4*j = 4*d - 256. Calculate the remainder when 166 is divided by d.
36
Suppose -3*v = -12, 3*s = 2*v + 735 + 739. What is the remainder when s is divided by 24?
14
Suppose 20 + 1 = 7*j. Suppose 4*s = -2*o + 7*o + 47, 0 = 2*s - j*o - 23. Calculate the remainder when 50 is divided by s.
11
Suppose 81*r - 840 - 660 = 69*r. Calculate the remainder when 8122 is divided by r.
122
Suppose -t + 1 = 0, 0*t - 17 = -a - t. Suppose -669 = -4*v - 15*n, -v + 471 = 3*v - 3*n. What is the remainder when v is divided by a?
14
Let a(i) = -4*i - 48. Let m be a(-16). Let k be 1 + 73*2 - (-14 + m). Let f = 245 - k. What is the remainder when f is divided by 26?
22
Let s = -78 - -53. Let f = s - -55. What is the remainder when f is divided by 20?
10
Let q be 1 + 2 - (-5)/(10/4). Suppose q*d = 41 + 824. What is the remainder when d is divided by 25?
23
What is the remainder when 996/(186/(-18) - -11) is divided by 17?
15
Let i(c) = -c - 2. Let b be i(-7). Suppose -37 + b = -4*o. Suppose 9463 + 2347 = 644*q - 23610. What is the remainder when q is divided by o?
7
Suppose 8*p = 10*p - 2*h - 116, 2*p - h = 115. Suppose 0 = -p*b + 65*b - 128. Calculate the remainder when 98 is divided by b.
2
Suppose 3*r + 18 = 5*r. Suppose 3*b - 5 - 7 = 0. What is the remainder when ((-15)/b)/((-3)/24) is divided by r?
3
Let p = 4103 + -4085. Calculate the remainder when 8240 is divided by p.
14
Let j(c) = 5*c**2 - 14*c + 1. Let b be j(3). Suppose 580 + 24 = b*x. What is the remainder when x is divided by 55?
41
Suppose 5*i = 5*b + 535, 67*i - 69*i + 5*